{"id":1980,"date":"2011-07-14T19:46:13","date_gmt":"2011-07-14T22:46:13","guid":{"rendered":"https:\/\/192.168.9.29\/Development\/TB\/?page_id=9"},"modified":"2025-01-07T21:27:42","modified_gmt":"2025-01-08T00:27:42","slug":"produtos","status":"publish","type":"page","link":"https:\/\/lmdesigns.com.br\/site\/produtos\/","title":{"rendered":"Produtos &#8211; Kit de site, blog, loja virtual e sistema multin\u00edvel"},"content":{"rendered":"<div class=\"row \">\n<div class=\"span3 \"><h2>Produtos - Kit de site, blog ou loja virtual<\/h2>\n<div class=\"list styled arrow-list\">\n<ul>\n<li>Kits Completos de Sites e Lojas<\/li>\n<li><a title=\"Programa de Afiliados\" href=\"https:\/\/lmdesigns.com.br\/site\/produtos\/sistemas-web-prontos\/programa-de-afiliados\/\">Programa de Afiliados<\/a><\/li>\n<li><a title=\"Programa de Afiliados\" href=\"https:\/\/lmdesigns.com.br\/site\/produtos\/sistemas-web-prontos\/sistema-de-marketing-multinivel-mmn\/\">Sistemas de Marketing Multin\u00edvel-MMN<\/a><\/li>\n<\/ul>\n<\/div><\/div>\n<div class=\"span8 \"><h2>KEI - Kit Empreendedor Independente<\/h2>\n<h6><strong><span style=\"font-size: medium;\"><img loading=\"lazy\" decoding=\"async\" class=\"alignleft wp-image-4628 size-medium\" title=\"Kit de site, blog ou loja virtual\" src=\"https:\/\/lmdesigns.com.br\/site\/wp-content\/uploads\/2019\/10\/fig-3-KEIs-300x300.jpg\" alt=\"\" width=\"300\" height=\"300\" srcset=\"https:\/\/lmdesigns.com.br\/site\/wp-content\/uploads\/2019\/10\/fig-3-KEIs-300x300.jpg 300w, https:\/\/lmdesigns.com.br\/site\/wp-content\/uploads\/2019\/10\/fig-3-KEIs-150x150.jpg 150w, https:\/\/lmdesigns.com.br\/site\/wp-content\/uploads\/2019\/10\/fig-3-KEIs.jpg 500w\" sizes=\"auto, (max-width: 300px) 100vw, 300px\" \/>Voc\u00ea \u00e9 um empres\u00e1rio, um empreendedor, um profissional em busca de ter seu site, blog ou loja virtual profissional?<\/span><\/strong><\/h6>\n<p><span style=\"font-size: small;\">Ter um modelo moderno, que se adapte a todas as plataformas como um micro, tablet ou celular. Que seja din\u00e2mico, ou seja, que voc\u00ea controle o qu\u00ea e quando vai publicar algo novo no seu site, sem depender de ningu\u00e9m. Que esteja pronto entre 7 e 15 dias? E o melhor... com pequeno investimento. Ent\u00e3o voc\u00ea precisa de uma dessas solu\u00e7\u00f5es.<\/span><\/p>\n<p><span style=\"font-size: small;\">Adquira o seu kit de site hoje mesmo!<\/span><\/p>\n<a href=\"https:\/\/www.freebiz.com.br\/vendedor\/lmdesigns\/\" title=\"leia mais\" class=\"btn btn-link btn-normal btn-inline \" target=\"_blank\" rel=\"noopener\">leia mais<\/a><!-- .btn -->\n<div class=\"clear\"><\/div><!-- .clear (end) -->\n<div class=\"spacer\"><\/div><!-- .spacer (end) -->\n<div class=\"span8 \"><\/div>\n<h2>Programa de Afiliados<\/h2>\n<p><img loading=\"lazy\" decoding=\"async\" class=\"alignleft wp-image-4473 size-medium\" title=\"Programa de Afiliados\" src=\"https:\/\/lmdesigns.com.br\/site\/wp-content\/uploads\/2017\/04\/fig-sys-afiliados-adm.png\" alt=\"\" width=\"300\" height=\"169\" \/><\/p>\n<h6><strong><span style=\"font-size: medium;\">Aumente as vendas do seu neg\u00f3cio!<\/span><\/strong><\/h6>\n<p><span style=\"font-size: small;\">Aumente suas vendas em linha com o nosso software de afiliados e crie estrat\u00e9gias de marketing com as ferramentas dispon\u00edveis para iniciar o seu pr\u00f3prio programa de afiliados.<\/span><\/p>\n<a href=\"https:\/\/lmdesigns.com.br\/site\/produtos\/sistemas-web-prontos\/programa-de-afiliados\/\" title=\"leia mais\" class=\"btn btn-link btn-normal btn-inline \" target=\"_self\">leia mais<\/a><!-- .btn -->\n<div class=\"clear\"><\/div><!-- .clear (end) -->\n<div class=\"spacer\"><\/div><!-- .spacer (end) -->\n<div class=\"span8 \"><\/div>\n<h2>Sistema de Marketing Multin\u00edvel<\/h2>\n<p><img loading=\"lazy\" decoding=\"async\" class=\"alignleft wp-image-4606 size-medium\" title=\"Sistema de Marketing Multin\u00edvel\" src=\"https:\/\/lmdesigns.com.br\/site\/wp-content\/uploads\/2019\/05\/fig-note-sistema-mmn-escritorio-300x213.png\" alt=\"\" width=\"300\" height=\"213\" srcset=\"https:\/\/lmdesigns.com.br\/site\/wp-content\/uploads\/2019\/05\/fig-note-sistema-mmn-escritorio-300x213.png 300w, https:\/\/lmdesigns.com.br\/site\/wp-content\/uploads\/2019\/05\/fig-note-sistema-mmn-escritorio-768x546.png 768w, https:\/\/lmdesigns.com.br\/site\/wp-content\/uploads\/2019\/05\/fig-note-sistema-mmn-escritorio-1024x728.png 1024w, https:\/\/lmdesigns.com.br\/site\/wp-content\/uploads\/2019\/05\/fig-note-sistema-mmn-escritorio.png 1080w\" sizes=\"auto, (max-width: 300px) 100vw, 300px\" \/><\/p>\n<h6><strong><span style=\"font-size: medium;\">Controle seu Neg\u00f3cio por Completo!<\/span><\/strong><\/h6>\n<p><span style=\"font-size: small;\">Com o nosso sistema voc\u00ea ter\u00e1 uma completa gest\u00e3o do seu neg\u00f3cio. Ele possui uma \u00e1rea administrativa para voc\u00ea configurar, personalizar e acompanhar o andamento do seu neg\u00f3cio. Voc\u00ea tem um escrit\u00f3rio virtual para seus associados e uma loja virtual para colocar todos os seus produtos.<\/span><\/p>\n<a href=\"https:\/\/lmdesigns.com.br\/site\/produtos\/sistemas-web-prontos\/sistema-de-marketing-multinivel-mmn\/\" title=\"leia mais\" class=\"btn btn-link btn-normal btn-inline \" target=\"_self\">leia mais<\/a><!-- .btn -->\n<div class=\"clear\"><\/div><!-- .clear (end) -->\n<div class=\"spacer\"><\/div><!-- .spacer (end) --><\/div>\n<\/div><!-- .row (end) -->\n","protected":false},"excerpt":{"rendered":"","protected":false},"author":1,"featured_media":0,"parent":0,"menu_order":2,"comment_status":"closed","ping_status":"closed","template":"page-fullwidth.php","meta":{"footnotes":""},"class_list":["post-1980","page","type-page","status-publish","hentry"],"_links":{"self":[{"href":"https:\/\/lmdesigns.com.br\/site\/wp-json\/wp\/v2\/pages\/1980","targetHints":{"allow":["GET"]}}],"collection":[{"href":"https:\/\/lmdesigns.com.br\/site\/wp-json\/wp\/v2\/pages"}],"about":[{"href":"https:\/\/lmdesigns.com.br\/site\/wp-json\/wp\/v2\/types\/page"}],"author":[{"embeddable":true,"href":"https:\/\/lmdesigns.com.br\/site\/wp-json\/wp\/v2\/users\/1"}],"replies":[{"embeddable":true,"href":"https:\/\/lmdesigns.com.br\/site\/wp-json\/wp\/v2\/comments?post=1980"}],"version-history":[{"count":0,"href":"https:\/\/lmdesigns.com.br\/site\/wp-json\/wp\/v2\/pages\/1980\/revisions"}],"wp:attachment":[{"href":"https:\/\/lmdesigns.com.br\/site\/wp-json\/wp\/v2\/media?parent=1980"}],"curies":[{"name":"wp","href":"https:\/\/api.w.org\/{rel}","templated":true}]}}