{"id":2160,"date":"2014-09-10T18:58:11","date_gmt":"2014-09-10T21:58:11","guid":{"rendered":"https:\/\/lmdesigns.com.br\/site\/?page_id=2160"},"modified":"2025-01-07T21:32:42","modified_gmt":"2025-01-08T00:32:42","slug":"personalizacao-de-site-e-blog-pronto","status":"publish","type":"page","link":"https:\/\/lmdesigns.com.br\/site\/servicos\/sites-e-blogs\/site-pronto-personalizado\/personalizacao-de-site-e-blog-pronto\/","title":{"rendered":"Personaliza\u00e7\u00e3o de Site e Blog Pronto"},"content":{"rendered":"<p>O servi\u00e7o de personaliza\u00e7\u00e3o de site e blog pronto envolve desde a instala\u00e7\u00e3o do sistema referente ao modelo escolhido, seja um site ou um blog , a configura\u00e7\u00e3o e depois a personaliza\u00e7\u00e3o.<\/p>\n<p><img loading=\"lazy\" decoding=\"async\" class=\"alignnone size-full wp-image-3467\" src=\"https:\/\/lmdesigns.com.br\/site\/wp-content\/uploads\/2014\/09\/fig-bonus-sites2.png\" alt=\"fig-bonus-sites2\" width=\"500\" height=\"300\" srcset=\"https:\/\/lmdesigns.com.br\/site\/wp-content\/uploads\/2014\/09\/fig-bonus-sites2.png 500w, https:\/\/lmdesigns.com.br\/site\/wp-content\/uploads\/2014\/09\/fig-bonus-sites2-300x180.png 300w\" sizes=\"auto, (max-width: 500px) 100vw, 500px\" \/><\/p>\n<p>Vantagens Diferenciadas:<\/p>\n<p># Site Pronto para escolha do seu modelo com painel de controle completo.<br \/>\n# Personaliza\u00e7\u00e3o de acordo com sua identidade.<br \/>\n# Voc\u00ea n\u00e3o precisa contratar o servi\u00e7o de design.<br \/>\n# Utiliza o maior sistema de CMS, o WordPress.<br \/>\n# Modelos com Designs Profissionais e Responsivos (se adaptam a todas as plataformas: micro, tablet e celular).<br \/>\n# O site \u00e9 seu, ou seja, n\u00e3o h\u00e1\u00a0qualquer restri\u00e7\u00e3o pelo uso.<br \/>\n# Diversos m\u00f3dulos para integrar com seu site como redes sociais, publicidade, intera\u00e7\u00e3o com usu\u00e1rios, seguran\u00e7a, entre muitos outros.<br \/>\n# Livre para adapta\u00e7\u00e3o de acordo com as necessidades do seu neg\u00f3cio.<br \/>\n# N\u00f3s fazemos a Instala\u00e7\u00e3o, Configura\u00e7\u00e3o e Personaliza\u00e7\u00e3o (ICP) do seu Modelo escolhido.<\/p>\n<p><strong>Obs.:<\/strong> caso a empresa n\u00e3o tenha o registro do seu dom\u00ednio n\u00f3s o realizamos no \u00f3rg\u00e3o respons\u00e1vel \u201c<a href=\"https:\/\/registro.br\" target=\"_blank\" rel=\"noopener noreferrer\">Registro.br<\/a>\u201c, onde \u00e9 cobrado R$ 40,00\/ano, sendo a 1\u00aa no ato. (para dom\u00ednios no Brasil)<\/p>\n<p>\u00c9 necess\u00e1rio nos enviar:<\/p>\n<p>1. Logotipo da empresa no tamanho m\u00ednimo de 300 x 100 pixels (Largura por Altura) e nos formatos (PSD, Corel ou JPG, PNG).<br \/>\n2. Nome das p\u00e1ginas e respectivos conte\u00fados (nomes do menu, ex.: servi\u00e7os, quem somos, etc).<br \/>\n3. O e-mail que ficar\u00e1 dispon\u00edvel no formul\u00e1rio e os que ser\u00e3o usados p\/ contato.<br \/>\n4. V\u00eddeos (links) que a empresa queira apresentar (at\u00e9 3).<br \/>\n5. Links externos para outros sites se julgar necess\u00e1rio.<br \/>\n6. Redes sociais (links) que a empresa participa.<br \/>\n7. Os arquivos do modelo adquirido.<\/p>\n<p>O Kit \u00e9 composto por:<\/p>\n<p>\u2022 1 modelo padr\u00e3o de site ou blog.<br \/>\n\u2022 Certificado de seguran\u00e7a SSL gr\u00e1tis, instalado.<br \/>\n\u2022 ICP - Instala\u00e7\u00e3o, Configura\u00e7\u00e3o e Personaliza\u00e7\u00e3o do modelo.<br \/>\n\u2022 2 meses GR\u00c1TIS de hospedagem do seu site (ref. ao nosso plano Standard).<br \/>\n\u2022 1 formul\u00e1rio de contato.<br \/>\n\u2022 Instala\u00e7\u00e3o B\u00d4NUS de 5 m\u00f3dulos\/plugins (Seguran\u00e7a, Compactador de Imagens, Otimiza\u00e7\u00e3o de BD, SEO, Help desk).<br \/>\n\u2022 Esse pacote \u00e9 referente ao kit Light.<\/p>\n<p>O \"Formul\u00e1rio integrado c\/ nosso sistema de E-mail Marketing (o sistema de email maketing uso livre at\u00e9 500 contatos).<\/p>\n<p>Nota: CASO DESEJE UMA LOJA, LEIA MAIS EM \u201c<a title=\"Lojas Virtuais\" href=\"https:\/\/lmdesigns.com.br\/site\/servicos\/lojas-virtuais\/\">LOJAS VIRTUAIS<\/a>\u201d<\/p>\n<p># Hospedagem: n\u00f3s fazemos a publica\u00e7\u00e3o do site no nosso provedor.\u00a0A mensalidade ocorre a contar da data de instala\u00e7\u00e3o do dom\u00ednio em nossos servidores.<br \/>\n# Tempo para realiza\u00e7\u00e3o do servi\u00e7o: em at\u00e9 15 dias, a partir da data de confirma\u00e7\u00e3o do pagamento e de posse dos materiais citados acima.<br \/>\n# Manuten\u00e7\u00e3o: Todos os modelos de sites din\u00e2micos necessitam de manuten\u00e7\u00e3o constante, por se tratar de sites que se utilizam de m\u00f3dulos que sofrem mudan\u00e7as e atualiza\u00e7\u00f5es t\u00e9cnicas. A mensalidade ocorre a contar da entrega e operacionalidade do site.<\/p>\n<a href=\"https:\/\/lmdesigns.com.br\/site\/servicos\/sites-e-blogs\/orcamento-para-projeto-web\/\" title=\"Solicite um or\u00e7amento\" class=\"btn btn-primary btn-normal btn-inline \" target=\"_self\">Solicite um or\u00e7amento<\/a><!-- .btn -->\n","protected":false},"excerpt":{"rendered":"<p>O servi\u00e7o de personaliza\u00e7\u00e3o de site e blog pronto envolve desde a instala\u00e7\u00e3o do sistema referente ao modelo escolhido, seja um site ou um blog , a configura\u00e7\u00e3o e depois a personaliza\u00e7\u00e3o. Vantagens Diferenciadas: # Site Pronto para escolha do seu modelo com painel de controle completo. # Personaliza\u00e7\u00e3o de acordo com sua identidade. # Voc\u00ea n\u00e3o precisa contratar o&nbsp;<a href=\"https:\/\/lmdesigns.com.br\/site\/servicos\/sites-e-blogs\/site-pronto-personalizado\/personalizacao-de-site-e-blog-pronto\/\" class=\"read-more\">Continue Reading<\/a><\/p>\n","protected":false},"author":1,"featured_media":0,"parent":2126,"menu_order":0,"comment_status":"closed","ping_status":"closed","template":"page-fullwidth.php","meta":{"footnotes":""},"class_list":["post-2160","page","type-page","status-publish","hentry"],"_links":{"self":[{"href":"https:\/\/lmdesigns.com.br\/site\/wp-json\/wp\/v2\/pages\/2160","targetHints":{"allow":["GET"]}}],"collection":[{"href":"https:\/\/lmdesigns.com.br\/site\/wp-json\/wp\/v2\/pages"}],"about":[{"href":"https:\/\/lmdesigns.com.br\/site\/wp-json\/wp\/v2\/types\/page"}],"author":[{"embeddable":true,"href":"https:\/\/lmdesigns.com.br\/site\/wp-json\/wp\/v2\/users\/1"}],"replies":[{"embeddable":true,"href":"https:\/\/lmdesigns.com.br\/site\/wp-json\/wp\/v2\/comments?post=2160"}],"version-history":[{"count":0,"href":"https:\/\/lmdesigns.com.br\/site\/wp-json\/wp\/v2\/pages\/2160\/revisions"}],"up":[{"embeddable":true,"href":"https:\/\/lmdesigns.com.br\/site\/wp-json\/wp\/v2\/pages\/2126"}],"wp:attachment":[{"href":"https:\/\/lmdesigns.com.br\/site\/wp-json\/wp\/v2\/media?parent=2160"}],"curies":[{"name":"wp","href":"https:\/\/api.w.org\/{rel}","templated":true}]}}