{"id":2658,"date":"2014-09-30T14:29:58","date_gmt":"2014-09-30T17:29:58","guid":{"rendered":"https:\/\/lmdesigns.com.br\/site\/?page_id=2658"},"modified":"2022-09-14T15:23:19","modified_gmt":"2022-09-14T18:23:19","slug":"consultoria-em-marketing-multinivel","status":"publish","type":"page","link":"https:\/\/lmdesigns.com.br\/site\/servicos\/consultoria-em-marketing-multinivel\/","title":{"rendered":"Consultoria em Marketing Multin\u00edvel &#8211; MMN"},"content":{"rendered":"<h5><strong>Consultoria em Marketing Multin\u00edvel<\/strong><\/h5>\n<p><span style=\"font-size: small;\">Sua empresa ou voc\u00ea, profissional independente, est\u00e1 precisando de uma consultoria completa em Marketing Multin\u00edvel? Eu tenho como ajud\u00e1-lo!<\/span><\/p>\n<p><span style=\"font-size: small;\"><span style=\"color: #000000;\"><strong><span style=\"color: #ff0000;\">\u25ba<\/span> Sobre mim<\/strong><\/span><\/span><\/p>\n<p><img loading=\"lazy\" decoding=\"async\" class=\"alignleft wp-image-2737\" title=\"Luciano Martins\" src=\"https:\/\/lmdesigns.com.br\/site\/wp-content\/uploads\/2014\/09\/fig-lu2010-239x300.jpg\" alt=\"fig-lu2010\" width=\"158\" height=\"198\" srcset=\"https:\/\/lmdesigns.com.br\/site\/wp-content\/uploads\/2014\/09\/fig-lu2010-239x300.jpg 239w, https:\/\/lmdesigns.com.br\/site\/wp-content\/uploads\/2014\/09\/fig-lu2010.jpg 266w\" sizes=\"auto, (max-width: 158px) 100vw, 158px\" \/><\/p>\n<p><span style=\"font-size: small;\"><span style=\"color: #000000;\"><strong>Luciano Martins<\/strong><\/span> \u00e9 consultor de Marketing Multin\u00edvel (MMN) e Vendas Diretas, sendo <strong>mais de 27 anos de experi\u00eancia no assunto. <\/strong>Atuou em campo durante 10 anos s\u00f3 na <strong>Amway<\/strong>, como IBO. Tem hoje sua loja online, veja <a href=\"https:\/\/www.amway.com.br\/pt\/lojavirtual\/LUCIANO-AUGUSTO\" target=\"_blank\" rel=\"noopener\">aqui<\/a>. Tamb\u00e9m \u00e9 consultor de neg\u00f3cios web para projetos de sites, lojas online, projetos especiais, entre outros, al\u00e9m do marketing digital. Atua tamb\u00e9m como Web Developer, Web Designer, empreendedor e tem forma\u00e7\u00e3o em Coaching. Realizou diversos neg\u00f3cios online, desde o design, arquitetura da informa\u00e7\u00e3o, desenvolvimento, at\u00e9 a implanta\u00e7\u00e3o. Tamb\u00e9m faz a an\u00e1lise de sistemas online customizados para sites de diversos segmentos.<br \/>\nAtua no planejamento estrat\u00e9gico e planos de marketing e propaganda, tanto online, como offline.<\/span><\/p>\n<p><span style=\"font-size: small;\">Com forma\u00e7\u00e3o em Marketing, pela <a href=\"https:\/\/www.unip.br\/\" target=\"_blank\" rel=\"noopener noreferrer\"><strong>UNIP<\/strong> <\/a>- Universidade Paulista\/SP, e Coaching, pelo <strong>Instituto Performance<\/strong>, especializou-se em Marketing Digital com diversos cursos, dentre eles, pelo<strong> Lab-SSJ\/SP<\/strong> (laborat\u00f3rio de neg\u00f3cios). Anteriormente, se formou em Projetos de Arquitetura (pela <strong><a href=\"http:\/\/www.escolaprotec.com.br\/\" target=\"_blank\" rel=\"noopener noreferrer\">PROTEC\/SP<\/a><\/strong> e<strong> <a href=\"http:\/\/www.abra.com.br\/\" target=\"_blank\" rel=\"noopener noreferrer\">ABRA\/SP<\/a><\/strong>), onde estudou e atuou na \u00e1rea de Engenharia Civil (na UNIP\/SP).<\/span><\/p>\n<p><span style=\"font-size: small;\"><span style=\"color: #000000;\"><strong><span style=\"color: #ff0000;\">\u25ba<\/span> Do Marketing Digital e Projetos Web<\/strong><\/span><\/span><\/p>\n<p><span style=\"font-size: small;\"><strong>Nesses \u00faltimos 26 anos<\/strong> foram muitos projetos desenvolvidos, onde iniciei na comercializa\u00e7\u00e3o em m\u00eddia digital e eletr\u00f4nica, marketing e propaganda, projetos web, entre eles, desde a cria\u00e7\u00e3o, desenvolvimento, at\u00e9 a implanta\u00e7\u00e3o, al\u00e9m do suporte e manuten\u00e7\u00e3o. Isso tudo me proporcionou um vasto conhecimento agregado em oferecer solu\u00e7\u00f5es melhores, otimizadas e rent\u00e1veis para os meus clientes, ajudando-os a focarem em seus <em>core businesses<\/em>.<\/span><\/p>\n<p><span style=\"font-size: small;\">Foram portais nas \u00e1reas acad\u00eamica, jur\u00eddica e de turismo; sites institucionais e com\u00e9rcio eletr\u00f4nico, atrav\u00e9s da cria\u00e7\u00e3o de projetos pr\u00f3prios e parcerias com os <em>players<\/em> do mercado como <strong>Submarino, Saraiva, Dell, HP<\/strong>, entre outros, que me deram uma ampla vis\u00e3o, <em>know-how<\/em> e flexibilidade no aprendizado, no trato com empresas e viabiliza\u00e7\u00e3o de neg\u00f3cios.<\/span><\/p>\n<p><span style=\"font-size: small;\">Atuei tamb\u00e9m como diretor de projetos e marketing do <strong>Instituto SM<\/strong> (Cursos e Treinamentos Profissionais) at\u00e9 2014, onde desenvolvi todo o projeto web \u00e0 \u00e9poca.<\/span><\/p>\n<p><span style=\"font-size: small;\">Criei e desenvolvi um projeto inovador de aulas online e ao vivo, o <strong>Poli 10<\/strong> (Cursinho Online e ao Vivo), onde fui diretor de Marketing e TI, que hoje, embora eu n\u00e3o esteja mais atuando, continua com o nome de <strong>Col\u00e9gio Poli 10<\/strong>.<\/span><\/p>\n<p><span style=\"font-size: small;\">Lancei um 'mega' projeto de quatro anos de estudo e desenvolvimento, que \u00e9 uma rede social de empreendedorismo com marketplace de produtos digitais, voltado \u00e0 empreendedores, empres\u00e1rios, profissionais digitais, entre outros profissionais que buscam aprender e compartilhar conhecimento - o <strong>FreeBiz<\/strong>, acesse <a href=\"https:\/\/www.freebiz.com.br\" target=\"_blank\" rel=\"noopener\">www.freebiz.com.br<\/a>. Participe voc\u00ea tamb\u00e9m com o seu neg\u00f3cio. O neg\u00f3cio envolve gamifica\u00e7\u00e3o, um marketplace <strong>com afiliados em marketing multin\u00edvel<\/strong>, entre outras op\u00e7\u00f5es.<\/span><\/p>\n<p><span style=\"font-size: small;\">Desenvolvo o\u00a0planejamento de marketing digital para empresas que querem melhorar (ou iniciar) sua presen\u00e7a na Internet utilizando estrat\u00e9gias de Inbound Marketing x Marketing de Conte\u00fado, e t\u00e9cnicas atrav\u00e9s de campanhas online e redes sociais.<\/span><\/p>\n<p><span style=\"font-size: small;\">Atualmente, desenvolvi um novo neg\u00f3cio e lancei uma rede social, o <strong>Pop People<\/strong>, de livre acesso, com foco na 'Liberdade de Express\u00e3o'. Acesse e se cadastre <a href=\"https:\/\/www.poppeople.com.br\" target=\"_blank\" rel=\"noopener\">www.poppeople.com.br<\/a><\/span><\/p>\n<p><span style=\"font-size: small;\"><span style=\"color: #ff0000;\">\u25ba<\/span><strong>\u00a0<span style=\"color: #000000;\">Do Marketing Multin\u00edvel-MMN<\/span><\/strong><\/span><\/p>\n<p><span style=\"font-size: small;\">Tenho experi\u00eancia e conhecimento na \u00e1rea h\u00e1 mais de 27 anos, atrav\u00e9s de grandes players do mercado como: <strong>AMWAY, TAHITIAN NONI e MONAVIE<\/strong>, al\u00e9m de estudo constante e an\u00e1lise de sistemas de MMN de v\u00e1rias outras empresas como <strong>HERBALIFE, HINODE, AGEL, BELCORP, UP ESS\u00caNCIA, POLISHOP<\/strong>, <strong>LYONESS e FOREVER L. PRODUCTS.<\/strong> D<\/span><span style=\"font-size: small;\">esenvolvi para a <strong>Forever<\/strong>, em 2006, o projeto completo de e-commerce (design e sistema totalmente customizado) que pudesse ser integrado ao sistema de MMN utilizado por ela \u00e0 \u00e9poca.<\/span><\/p>\n<p><span style=\"font-size: small;\"><span style=\"font-size: small;\">Fa\u00e7o a consultoria de projetos de MMN, desde o desenvolvimento de planos de compensa\u00e7\u00e3o, marketing e vendas (com an\u00e1lise financeira para a viabilidade e sustentabilidade do neg\u00f3cio), para empresas e profissionais independentes, sendo posteriormente implantado a parte de TI, aqui pela <strong>LM Designs<\/strong>, atrav\u00e9s do sistema completo de administra\u00e7\u00e3o do neg\u00f3cio, escrit\u00f3rio e loja virtual, e o site institucional. Solicite seu or\u00e7amento logo abaixo.<\/span><\/span><\/p>\n<p><span style=\"font-size: small;\"><span style=\"color: #000000;\"><strong>\u25ba Outros Projetos<\/strong><\/span><\/span><\/p>\n<p><span style=\"font-size: small;\">Na \u00e1rea de educa\u00e7\u00e3o, al\u00e9m do projeto <strong>Poli 1o<\/strong>, voltado ao p\u00fablico do ensino m\u00e9dio, desenvolvi um programa de qualifica\u00e7\u00e3o profissional - <strong>O Programa Mais<\/strong> - voltado ao p\u00fablico de curso superior, preparando-os e interligando-os com o mercado de trabalho, atrav\u00e9s da parceria com as empresas.<\/span><\/p>\n<p><span style=\"font-size: small;\">Um projeto totalmente inovador, agregador de valor, conte\u00fado e experi\u00eancia, al\u00e9m da melhor prepara\u00e7\u00e3o para a realidade do mercado, do ponto de vista dos estudantes, das IES e das empresas, onde, apesar dos grandes desafios enfrentados para implant\u00e1-lo, h\u00e1 hoje, muito o que fazer para se levar o ensino universit\u00e1rio \u00e0 excel\u00eancia.<\/span><\/p>\n<p><span style=\"font-size: small;\">Um outro trabalho de destaque na \u00e1rea foram os cursos utilizados com a metodologia de Coaching, como destaque o <strong>L\u00edder Coach Adventure<\/strong> - um treinamento de l\u00edderes, atrav\u00e9s da metodologia com esportes de aventura. Criei tamb\u00e9m um curso de idiomas (ingl\u00eas, espanhol e franc\u00eas), atrav\u00e9s da metodologia de imers\u00e3o.<\/span><\/p>\n<p><span style=\"font-size: small;\"><span style=\"color: #000000;\"><strong>\u25ba Das Consultorias, Cria\u00e7\u00e3o e Desenvolvimento<\/strong><\/span><\/span><\/p>\n<p><span style=\"font-size: small;\"><strong><span style=\"color: #ff0000;\">.::<\/span><\/strong> Veja aqui como funciona a consultoria em <a title=\"Marketing Digital\" href=\"https:\/\/lmdesigns.com.br\/site\/servicos\/marketing-digital\/\"><strong>Marketing Digital<\/strong><\/a><\/span><\/p>\n<p><span style=\"font-size: small;\"><strong><span style=\"color: #ff0000;\">.::<\/span><\/strong> Solicite o desenvolvimento para a cria\u00e7\u00e3o de seu <a href=\"https:\/\/lmdesigns.com.br\/site\/servicos\/sites-e-blogs\/orcamento-para-projeto-web\/\"><strong>Projeto Web<\/strong><\/a><\/span><\/p>\n<p><span style=\"font-size: small;\"><strong><span style=\"color: #ff0000;\">.::<\/span><\/strong> A consultoria em <strong><span style=\"color: #000000;\">Marketing Multin\u00edvel-MMN e Vendas Diretas<\/span><\/strong> \u00e9 dividida em <strong>5 partes<\/strong>:<\/span><\/p>\n<p><span style=\"font-size: small;\"><strong><span style=\"color: #000000;\">1. Financeiro e Marketing<\/span><\/strong> - Plano de Compensa\u00e7\u00e3o-bonifica\u00e7\u00e3o, Marketing e Vendas.<br \/>\n<strong><span style=\"color: #000000;\">2. TI<\/span><\/strong> - Site Institucional + Sistema Administrativo completo (ADM da m\u00e1ster, loja e escrit\u00f3rio virtual).<br \/>\n<strong><span style=\"color: #000000;\">3. Treinamentos<\/span><\/strong> - qualifica\u00e7\u00e3o de pessoal desenvolvedor do MMN em todas as \u00e1reas do neg\u00f3cio, como vendas, lideran\u00e7a e constru\u00e7\u00e3o do neg\u00f3cio.<br \/>\n<strong><span style=\"color: #000000;\">4. Marketing Digital<\/span><\/strong> - estudo, an\u00e1lise, elabora\u00e7\u00e3o de projeto, desenvolvimento, implanta\u00e7\u00e3o e acompanhamento.<br \/>\n<strong><span style=\"color: #000000;\">5. Consultoria p\u00f3s-implanta\u00e7\u00e3o <\/span><\/strong>\u2013 orienta\u00e7\u00e3o, dicas e an\u00e1lises para expans\u00e3o do neg\u00f3cio.<\/span><\/p>\n<p><span style=\"font-size: small;\"><span style=\"color: #000000;\"><strong><span style=\"color: #ff0000;\">\u25ba<\/span>Programa de Afiliados<\/strong><\/span><\/span><\/p>\n<p><span style=\"font-size: small;\"><span style=\"font-size: small;\">Tamb\u00e9m temos uma solu\u00e7\u00e3o completa para um programa de afiliados, o <a href=\"https:\/\/lmdesigns.com.br\/site\/produtos\/programa-de-afiliados\/\">LAM - LMD Affiliate Manager<\/a>, um sistema pronto, moderno, inovador e extremamente \"parrudo\", ou seja, com capacidade de atender qualquer tipo de neg\u00f3cio por apresentar fun\u00e7\u00f5es e ferramentas fundamentais para se aumentar as vendas com controle absoluto e oferecer aos usu\u00e1rios mais uma oportunidade de ganhos.<\/span><\/span><\/p>\n<p><span style=\"font-size: small;\"><span style=\"font-size: small;\">Se voc\u00ea atua no MMN como um distribuidor, tem uma empresa em MMN ou mesmo est\u00e1 querendo implantar esse modelo de neg\u00f3cio, o programa de afiliados pode ser mais um grande diferencial oferecido a seus futuros associados.<\/span><\/span><\/p>\n<p><span style=\"font-size: small;\"><span style=\"color: #000000;\"><strong><span style=\"color: #ff0000;\">\u25ba<\/span>Sistema de Marketing Multin\u00edvel-MMN e Vendas Diretas<\/strong><\/span><\/span><\/p>\n<p><span style=\"font-size: small;\"><span style=\"font-size: small;\">Conhe\u00e7a nosso sistema pronto de MMN, <a href=\"https:\/\/lmdesigns.com.br\/site\/produtos\/sistemas-web-prontos\/sistema-de-marketing-multinivel-mmn\/\">clique aqui<\/a>.<\/span><\/span><\/p>\n<a href=\"https:\/\/lmdesigns.com.br\/site\/servicos\/consultoria-em-marketing-multinivel\/orcamento-para-consultoria\/\" title=\"Solicite um or\u00e7amento da Consultoria Completa\" class=\"btn btn-primary btn-normal btn-inline \" target=\"_self\">Solicite um or\u00e7amento da Consultoria Completa<\/a><!-- .btn -->\n<div class=\"spacer\"><\/div><!-- .spacer (end) -->\n<p><span style=\"font-size: small;\">At\u00e9 mais, um abra\u00e7o,<\/span><\/p>\n<p><span style=\"font-size: small;\"><strong>Luciano Martins<\/strong><\/span><\/p>\n<p><span style=\"font-size: small;\"><em>Siga-me nas minhas redes sociais...<\/em><\/span><br \/>\n<strong>FreeBiz<\/strong>: <a href=\"https:\/\/freebiz.com.br\/perfil\/lucianoapmartins\" target=\"_blank\" rel=\"noopener noreferrer\">@lucianoapmartins<\/a><br \/>\n<strong>Twitter<\/strong>: <a href=\"https:\/\/twitter.com\/consultor_mmn\" target=\"_blank\" rel=\"noopener noreferrer\">@consultor_mmn<\/a><br \/>\n<strong>Facebook<\/strong>: <a href=\"https:\/\/facebook.com\/lucianomartinspro\" target=\"_blank\" rel=\"noopener noreferrer\">@lucianomartinspro<\/a><br \/>\n<strong>Instagram<\/strong>: <a href=\"https:\/\/instagram.com\/lucianomartins.mmn\" target=\"_blank\" rel=\"noopener noreferrer\">@lucianomartins.mmn<\/a><br \/>\n<strong>Pop People<\/strong>: <a href=\"https:\/\/poppeople.com.br\/pages\/consultormmn\" target=\"_blank\" rel=\"noopener noreferrer\">@consultormmn<\/a><br \/>\n---------<\/p>\n","protected":false},"excerpt":{"rendered":"<p>Consultoria em Marketing Multin\u00edvel Sua empresa ou voc\u00ea, profissional independente, est\u00e1 precisando de uma consultoria completa em Marketing Multin\u00edvel? Eu tenho como ajud\u00e1-lo! \u25ba Sobre mim Luciano Martins \u00e9 consultor de Marketing Multin\u00edvel (MMN) e Vendas Diretas, sendo mais de 27 anos de experi\u00eancia no assunto. Atuou em campo durante 10 anos s\u00f3 na Amway, como IBO. Tem hoje sua&nbsp;<a href=\"https:\/\/lmdesigns.com.br\/site\/servicos\/consultoria-em-marketing-multinivel\/\" class=\"read-more\">Continue Reading<\/a><\/p>\n","protected":false},"author":1,"featured_media":0,"parent":1979,"menu_order":0,"comment_status":"closed","ping_status":"closed","template":"page-fullwidth.php","meta":{"footnotes":""},"class_list":["post-2658","page","type-page","status-publish","hentry"],"_links":{"self":[{"href":"https:\/\/lmdesigns.com.br\/site\/wp-json\/wp\/v2\/pages\/2658","targetHints":{"allow":["GET"]}}],"collection":[{"href":"https:\/\/lmdesigns.com.br\/site\/wp-json\/wp\/v2\/pages"}],"about":[{"href":"https:\/\/lmdesigns.com.br\/site\/wp-json\/wp\/v2\/types\/page"}],"author":[{"embeddable":true,"href":"https:\/\/lmdesigns.com.br\/site\/wp-json\/wp\/v2\/users\/1"}],"replies":[{"embeddable":true,"href":"https:\/\/lmdesigns.com.br\/site\/wp-json\/wp\/v2\/comments?post=2658"}],"version-history":[{"count":1,"href":"https:\/\/lmdesigns.com.br\/site\/wp-json\/wp\/v2\/pages\/2658\/revisions"}],"predecessor-version":[{"id":4966,"href":"https:\/\/lmdesigns.com.br\/site\/wp-json\/wp\/v2\/pages\/2658\/revisions\/4966"}],"up":[{"embeddable":true,"href":"https:\/\/lmdesigns.com.br\/site\/wp-json\/wp\/v2\/pages\/1979"}],"wp:attachment":[{"href":"https:\/\/lmdesigns.com.br\/site\/wp-json\/wp\/v2\/media?parent=2658"}],"curies":[{"name":"wp","href":"https:\/\/api.w.org\/{rel}","templated":true}]}}